992369?
1
What is the tens digit of 49995352?
5
What is the hundred millions digit of 191623625?
1
What is the hundred millions digit of 1444885638?
4
What is the units digit of 1783966363?
3
What is the millions digit of 4710504142?
0
What is the tens digit of 101486149?
4
What is the ten thousands digit of 35018983?
1
What is the hundreds digit of 19035613?
6
What is the thousands digit of 2553651770?
1
What is the millions digit of 248048401?
8
What is the ten millions digit of 2728427673?
2
What is the hundred thousands digit of 27119903?
1
What is the hundred thousands digit of 19185299?
1
What is the hundreds digit of 2441963475?
4
What is the hundred millions digit of 1939423899?
9
What is the hundreds digit of 1131561892?
8
What is the hundred millions digit of 417499798?
4
What is the units digit of 4868996?
6
What is the tens digit of 567040780?
8
What is the units digit of 38139923?
3
What is the millions digit of 56470689?
6
What is the thousands digit of 80546314?
6
What is the hundreds digit of 290389889?
8
What is the millions digit of 42408506?
2
What is the ten thousands digit of 1840696824?
9
What is the millions digit of 1164184752?
4
What is the millions digit of 7211800523?
1
What is the ten millions digit of 18826645?
1
What is the billions digit of 1669903599?
1
What is the hundreds digit of 788034633?
6
What is the hundred millions digit of 2686015368?
6
What is the tens digit of 2261053607?
0
What is the hundreds digit of 691844713?
7
What is the ten millions digit of 967090625?
6
What is the units digit of 1642060694?
4
What is the thousands digit of 970095070?
5
What is the thousands digit of 441470118?
0
What is the ten thousands digit of 23676552?
7
What is the ten thousands digit of 280349103?
4
What is the hundred thousands digit of 9589567?
5
What is the units digit of 736031750?
0
What is the tens digit of 356195060?
6
What is the millions digit of 1093437?
1
What is the millions digit of 366120123?
6
What is the millions digit of 7245416764?
5
What is the ten thousands digit of 513862194?
6
What is the units digit of 131945935?
5
What is the hundred thousands digit of 242215897?
2
What is the hundred millions digit of 349866745?
3
What is the millions digit of 207739480?
7
What is the thousands digit of 255603474?
3
What is the tens digit of 610191287?
8
What is the millions digit of 50398445?
0
What is the units digit of 96725903?
3
What is the ten millions digit of 261751471?
6
What is the millions digit of 2397804419?
7
What is the units digit of 2778163182?
2
What is the hundred thousands digit of 19011023?
0
What is the hundred thousands digit of 377942888?
9
What is the hundreds digit of 6977782714?
7
What is the ten millions digit of 3696884365?
9
What is the hundred thousands digit of 1189777812?
7
What is the tens digit of 38800200?
0
What is the tens digit of 5367291942?
4
What is the hundreds digit of 877745737?
7
What is the units digit of 134510745?
5
What is the tens digit of 5517807?
0
What is the hundred millions digit of 433785510?
4
What is the ten millions digit of 104558812?
0
What is the millions digit of 1100324478?
0
What is the ten millions digit of 225185838?
2
What is the thousands digit of 96585066?
5
What is the millions digit of 5709186810?
9
What is the hundred millions digit of 4298693194?
2
What is the hundred millions digit of 491468657?
4
What is the ten thousands digit of 335662523?
6
What is the tens digit of 23829275?
7
What is the billions digit of 2919856228?
2
What is the millions digit of 2427350620?
7
What is the hundred millions digit of 4970777621?
9
What is the tens digit of 66056884?
8
What is the hundred millions digit of 627216346?
6
What is the ten millions digit of 2745471242?
4
What is the millions digit of 20387451?
0
What is the millions digit of 92082702?
2
What is the hundred thousands digit of 4433575901?
5
What is the hundred thousands digit of 48251509?
2
What is the ten millions digit of 104023649?
0
What is the units digit of 99376835?
5
What is the thousands digit of 7071101720?
1
What is the hundred thousands digit of 24779985?
7
What is the ten thousands digit of 82330295?
3
What is the millions digit of 93642569?
3
What is the ten millions digit of 52969794?
5
What is the ten thousands digit of 126835484?
3
What is the hundred thousands digit of 299057073?
0
What is the tens digit of 6092808?
0
What is the hundred thousands digit of 576643710?
6
What is the hundred thousands digit of 73909104?
9
What is the millions digit of 1820112946?
0
What is the ten millions digit of 352756573?
5
What is the millions digit of 130233564?
0
What is the hundred millions digit of 130578406?
1
What is the hundreds digit of 52018496?
4
What is the units digit of 2539879094?
4
What is the thousands digit of 13485941?
5
What is the hundred millions digit of 359475154?
3
What is the ten thousands digit of 563256200?
5
What is the ten millions digit of 88171583?
8
What is the ten thousands digit of 893283665?
8
What is the ten thousands digit of 1015954945?
5
What is the millions digit of 1470402487?
0
What is the billions digit of 4707508924?
4
What is the thousands digit of 82932718?
2
What is the hundred thousands digit of 2321604304?
6
What is the hundred thousands digit of 1025331331?
3
What is the units digit of 8436666171?
1
What is the units digit of 61984860?
0
What is the hundred thousands digit of 251209561?
2
What is the hundreds digit of 161878170?
1
What is the thousands digit of 163531220?
1
What is the billions digit of 5399446450?
5
What is the ten millions digit of 232477655?
3
What is the tens digit of 11307279?
7
What is the units digit of 120912378?
8
What is the ten thousands digit of 23656566?
5
What is the hundred millions digit of 2373493722?
3
What is the millions digit of 337766414?
7
What is the units digit of 1262403257?
7
What is the ten millions digit of 57119160?
5
What is the hundred thousands digit of 71281096?
2
What is the ten thousands digit of 141916382?
1
What is the thousands digit of 52923693?
3
What is the ten millions digit of 226838524?
2
What is the ten thousands digit of 45526084?
2
What is the units digit of 37044354?
4
What is the thousands digit of 2540344?
0
What is the hundreds digit of 20252506?
5
What is the hundred thousands digit of 44571053?
5
What is the units digit of 1208597019?
9
What is the thousands digit of 155772381?
2
What is the units digit of 2960650353?
3
What is the millions digit of 1357572983?
7
What is the tens digit of 342916512?
1
What is the thousands digit of 332559537?
9
What is the ten millions digit of 1035197268?
3
What is the hundreds digit of 67187620?
6
What is the hundred thousands digit of 404863695?
8
What is the millions digit of 1793333188?
3
What is the thousands digit of 2448232155?
2
What is the ten thousands digit of 1730363236?
6
What is the units digit of 589060718?
8
What is the hundreds digit of 933162029?
0
What is the hundreds digit of 97792740?
7
What is the tens digit of 750916836?
3
What is the ten millions digit of 81665798?
8
What is the hundred millions digit of 318287492?
3
What is the thousands digit of 72594912?
4
What is the hundred thousands digit of 1133868732?
8
What is the thousands digit of 169934288?
4
What is the thousands digit of 2106525787?
5
What is the thousands digit of 80114123?
4
What is the hundreds digit of 80507564?
5
What is the hundred millions digit of 352472101?
3
What is the ten millions digit of 31379403?
3
What is the hundred thousands digit of 228861560?
8
What is the thousands digit of 40132419?
2
What is the units digit of 748968731?
1
What is the units digit of 242765594?
4
What is the units digit of 31431339?
9
What is the hundred thousands digit of 120587313?
5
What is the thousands digit of 16532686?
2
What is the tens digit of 6682476491?
9
What is the tens digit of 707662656?
5
What is the hundred thousands digit of 116734733?
7
What is the millions digit of 3235897998?
5
What is the thousands digit of 289531411?
1
What is the ten thousands digit of 29204436?
0
What is the hundreds digit of 8541058?
0
What is the thousands digit of 2335299?
5
What is the ten millions digit of 99354643?
9
What is the hundreds digit of 1127897